st common factor of 57 and n?
19
Let v = 92 - 47. Suppose -2*g + g = -v. Let w = 60 - 55. What is the greatest common divisor of w and g?
5
Let u(z) = 2*z**2 + 6*z - 8. Let n be (-4)/(-6) + (-4)/6. Let m = -8 + n. Let t be u(m). What is the greatest common factor of t and 8?
8
Let a(q) = q**3 + q**2 - 6*q - 2. Let i be a(-2). Calculate the highest common factor of i and 54.
6
Suppose -3*d = d + 4. Let u be (-5 - 83)*(d/2)/1. Calculate the highest common factor of u and 4.
4
Let r be (48/21 - 2) + (-1780)/(-140). Calculate the highest common divisor of 13 and r.
13
Suppose 4*y = 2*l + 108, 2*y = -3*y + 2*l + 134. Calculate the greatest common factor of 130 and y.
26
Suppose 2*i - 75 = -7. Let h = 36 - i. Suppose -2*b + h*w = -26 - 34, -110 = -3*b - w. What is the highest common divisor of 7 and b?
7
Suppose c + c = -3*z + 203, -4*z + 5*c = -286. Suppose -13 = f - z. Calculate the greatest common factor of 16 and f.
8
Let o be ((-52)/(-24)*99)/(2/12). What is the greatest common factor of 99 and o?
99
Let v(m) = m**2 + 5*m - 23. Let w be v(-8). Let n be 39/6 + (-3)/2. Calculate the greatest common divisor of n and w.
1
Let i be -4 + 3 + 141/3. Let q = i - 31. Calculate the greatest common divisor of q and 3.
3
Let f be (4/8*-76)/(-2). Calculate the greatest common divisor of f and 589.
19
Let v(w) = 1 + 2 - w + 3. Let k be v(-6). Calculate the greatest common divisor of k and 8.
4
Suppose 3*n + 6 = 2*z, 28 = -5*z + z - 4*n. Let m be z/(-12) - 450/(-24). What is the greatest common factor of m and 190?
19
Suppose 198 = 3*x - 4*c - 254, -4*c - 140 = -x. Calculate the highest common factor of x and 60.
12
Suppose -17*u - 255 = -18*u. What is the greatest common divisor of 102 and u?
51
Let w = 20 + -20. Suppose w = 4*j - j - 108. Calculate the greatest common factor of 18 and j.
18
Suppose -4*y + 160 = y. Let n = -31 + y. What is the highest common factor of 11 and n?
1
Let s(o) = -5*o**2 - 12*o**3 + o**2 + 10 + 7*o + 10*o**3. Let n be s(-5). Calculate the highest common divisor of n and 50.
25
Suppose 0 = 19*k - 94 - 115. Calculate the highest common factor of k and 88.
11
Suppose 70*y - 27676 = 33*y. Calculate the highest common factor of 176 and y.
44
Let v = 417 + -382. Calculate the greatest common divisor of v and 203.
7
Suppose 4*c = -2*r + 182, -2*c + 111 = -4*r + r. What is the highest common divisor of c and 2352?
48
Let t(a) = 2*a - 9 - 9 + 6*a - 2. Let q be t(6). Calculate the greatest common factor of q and 7.
7
Let o = 321 + -204. What is the greatest common factor of o and 45?
9
Suppose -2*s = 3*i + 12 - 8, 0 = 3*s + 5*i + 8. Calculate the greatest common divisor of s and 76.
4
Let c = 325 - 305. What is the highest common factor of c and 130?
10
Suppose 2*j - 5*w + 9*w = 1018, 0 = 5*j + w - 2554. Calculate the highest common factor of j and 73.
73
Suppose 0 = -3*k + 65 + 103. Suppose i - k = -3*i. Calculate the greatest common divisor of 28 and i.
14
Suppose -4*t + 819 = 9*b - 12*b, -b = -2*t + 411. Calculate the greatest common factor of t and 161.
23
Suppose -5*h + 0*h + 15 = 0. Suppose -580 = -2*g - h*g. Let s be (((-10)/30)/(2 - 1))/((-7)/609). Calculate the highest common factor of g and s.
29
Suppose -7 = 3*d - 37. Let m(t) = 106*t + 822. Let c be m(-7). Calculate the greatest common factor of d and c.
10
Suppose 0 = 3*f - k - 16, 4*f = 6*f + 3*k - 29. Suppose -f*a = -0*a - 196. Calculate the highest common factor of 308 and a.
28
Let y be 9 + 9/(-3) + -1. Suppose 2*d + y*o = 160, -302 = -4*d - 2*o + o. Let u be 2 - ((-4)/(-2) - 15). Calculate the highest common factor of d and u.
15
Let n(p) = -p**3 + 2*p**2 + 3*p. Let q be n(2). Let j = q + -5. What is the highest common factor of j and 9?
1
Let c(x) = 8*x**2 + 10*x - 8. Let s be c(-4). Calculate the highest common factor of 30 and s.
10
Let l(p) = -p**2 - 14*p - 1. Let v be l(-8). Suppose 7*a = 2*a - 5, 5*a - v = -d. Calculate the greatest common factor of d and 13.
13
Let u(r) = 6*r + 144. Let a be u(-17). Calculate the highest common factor of 42 and a.
42
Suppose -k + 6*k + 20 = 0. Let w be (16/(-4))/(k/2). Suppose 0 = 5*v + w*d - 28, -23 = -5*v + 2*d + 9. What is the greatest common factor of v and 6?
6
Let p = -150 + 326. What is the greatest common divisor of 16 and p?
16
Suppose -3*r - 6*x = -8*x - 37, 0 = r - 4*x - 29. Calculate the highest common divisor of r and 144.
9
Suppose 4*y = 9*y - 1875. Let u = 725 - y. Calculate the greatest common divisor of 14 and u.
14
Suppose -56 = -4*u - 3*u. What is the highest common divisor of 44 and u?
4
Let n = -54 + 60. Let r(o) = -o**2 + 8*o - 4. Let g be r(7). Calculate the greatest common divisor of g and n.
3
Suppose 4*y - 37 = 5*y + 2*l, 4*y + 213 = 5*l. Let s = y + 53. What is the greatest common factor of 54 and s?
6
Suppose 0 = -5*y + 170 - 35. Let t = -26 + y. Calculate the highest common divisor of 11 and t.
1
Suppose -6*n = -298 - 302. What is the highest common divisor of 175 and n?
25
Let o = -14 + 12. Let k be 4 + (o + -2)/4. Suppose -k*i = 0, 2*m - 6*m + 24 = i. What is the greatest common factor of m and 18?
6
Let h be 165/(-99) - (-218)/3. What is the greatest common divisor of h and 2?
1
Suppose 11 = c - 43. Let k be ((-18)/(-5))/(14/70). Suppose -k = -16*n + 15*n. What is the greatest common divisor of n and c?
18
Suppose 387 = -6*q + 1983. Calculate the highest common divisor of q and 76.
38
Let z = 167 + -125. What is the greatest common factor of 294 and z?
42
Let b = -1165 - -1265. Calculate the greatest common divisor of b and 20.
20
Let j = -697 + 772. Calculate the highest common factor of j and 1425.
75
Suppose -a + 2*a = 49. Let q = a - 42. What is the highest common divisor of 7 and q?
7
Let c(g) = 5*g**2 - 7*g - 18. Let l be c(-4). Suppose -4*m + 7 + 7 = -u, 5*m - 10 = 5*u. Suppose -m*t = 29 - 69. What is the greatest common divisor of t and l?
10
Let q = 13 + -10. Suppose -4*d - q*f + 28 = -7*f, 0 = -2*f. Let a be d/(-2)*(-48)/28. What is the greatest common factor of 9 and a?
3
Let y = -13 - -5. Let w = y + 3. Let c be 990/50 - 1/w. Calculate the highest common factor of c and 8.
4
Let s(h) = 2*h - 5. Let f be s(4). Suppose f*q - 5*x = 19, -q - 2*q - 2*x + 5 = 0. Suppose 0 = -m + q*m - 264. What is the highest common factor of m and 12?
12
Suppose -3*w = w + 5*f - 37, -30 = -4*w + 2*f. Let h = 28 + 36. Calculate the greatest common factor of h and w.
8
Let y = 87 + 174. Calculate the highest common divisor of y and 117.
9
Let l(g) be the third derivative of 0*g - 1/3*g**3 + 3*g**2 - 31/24*g**4 + 0. Let c be l(-2). What is the highest common divisor of c and 150?
30
Let k(p) be the second derivative of p**4/12 + 15*p**2/2 - 6*p. Let u be k(-9). Calculate the highest common factor of u and 64.
32
Suppose -4*o - 4*b = -204 - 96, 3*o - b = 233. Suppose 4 = -5*u + 2*h + 37, -2*u + 13 = -h. Calculate the highest common factor of u and o.
7
Suppose n - 3*n + 65 = 5*m, 5*m + 55 = 4*n. Suppose 0 = 3*y + 2*y + n, -3*l + 110 = -2*y. What is the greatest common factor of 51 and l?
17
Let u(b) = 17*b + 149. Let h be u(-8). Calculate the highest common divisor of h and 13.
13
Let f be 1*(-9*2 - -1). Let q = -18 - f. Let o(u) = -7*u. Let c be o(q). Calculate the greatest common factor of c and 28.
7
Suppose 0 = -d - 4*o + 38 - 16, -4*d + o + 37 = 0. Calculate the greatest common divisor of 250 and d.
10
Suppose -16*g - 10039 = -37399. Calculate the highest common divisor of 10 and g.
10
Suppose -h = 4*c + 1, c - 15 = -4*h + 4*c. Let r = 6 + 3. Suppose -4*x + r = -15. Calculate the highest common factor of x and h.
3
Let j = -667 - -678. Let d = -336 - -483. Suppose 0 = 5*m - 73 - d. What is the greatest common divisor of m and j?
11
Let t = 6 + -6. Let x(w) = 2 + 2*w + w - w**3 - 14*w**3 + 2*w**2 + t*w. Let f be x(-1). Calculate the highest common factor of 16 and f.
16
Let r be ((-4)/(-6))/(392/(-198) + 2). Let t(d) = 2*d**3 + 3*d**2 - 5*d - 3. Let b be t(5). Calculate the highest common factor of r and b.
33
Let j(k) = -41*k**3 - 3*k**2 - k. Let b be j(-2). Suppose m = 4*m + b. Let f = 148 + m. What is the greatest common divisor of 14 and f?
14
Let z(p) = -6*p - 267. Let y be z(-45). Let d(q) = -q - 5. Let x be d(-8). What is the greatest common factor of y and x?
3
Let i(u) = 4*u + 7. Let n be i(1). Le